{"id":184,"date":"2010-03-27T00:00:17","date_gmt":"2010-03-26T22:00:17","guid":{"rendered":"http:\/\/www.jmoyano.com\/blog\/?page_id=184"},"modified":"2010-08-18T03:27:19","modified_gmt":"2010-08-18T01:27:19","slug":"alfafar-oscuro","status":"publish","type":"page","link":"http:\/\/www.jmoyano.com\/blog\/alfafar-oscuro\/","title":{"rendered":"Algunas cuentas del Ayuntamiento de Alfafar"},"content":{"rendered":"<p><strong>Noviembre 2009<\/strong><\/p>\n<p>Est\u00e1s son algunas de las cuentas del Ayuntamiento de Alfafar<\/p>\n<ul>\n<li><a href=\"http:\/\/www.jmoyano.com\/blog\/alfafar-oscuro\/20091111-presentacion-impuestos\/\" target=\"_blank\">Situaci\u00f3n econ\u00f3mica Ayuntamiento Alfafar (Nov. 2009)<\/a><\/li>\n<\/ul>\n","protected":false},"excerpt":{"rendered":"<p>Noviembre 2009 Est\u00e1s son algunas de las cuentas del Ayuntamiento de Alfafar Situaci\u00f3n econ\u00f3mica Ayuntamiento Alfafar (Nov. 2009)<\/p>\n","protected":false},"author":1,"featured_media":0,"parent":0,"menu_order":1,"comment_status":"open","ping_status":"closed","template":"","meta":{"footnotes":""},"class_list":["post-184","page","type-page","status-publish","hentry"],"_links":{"self":[{"href":"http:\/\/www.jmoyano.com\/blog\/wp-json\/wp\/v2\/pages\/184","targetHints":{"allow":["GET"]}}],"collection":[{"href":"http:\/\/www.jmoyano.com\/blog\/wp-json\/wp\/v2\/pages"}],"about":[{"href":"http:\/\/www.jmoyano.com\/blog\/wp-json\/wp\/v2\/types\/page"}],"author":[{"embeddable":true,"href":"http:\/\/www.jmoyano.com\/blog\/wp-json\/wp\/v2\/users\/1"}],"replies":[{"embeddable":true,"href":"http:\/\/www.jmoyano.com\/blog\/wp-json\/wp\/v2\/comments?post=184"}],"version-history":[{"count":77,"href":"http:\/\/www.jmoyano.com\/blog\/wp-json\/wp\/v2\/pages\/184\/revisions"}],"predecessor-version":[{"id":1085,"href":"http:\/\/www.jmoyano.com\/blog\/wp-json\/wp\/v2\/pages\/184\/revisions\/1085"}],"wp:attachment":[{"href":"http:\/\/www.jmoyano.com\/blog\/wp-json\/wp\/v2\/media?parent=184"}],"curies":[{"name":"wp","href":"https:\/\/api.w.org\/{rel}","templated":true}]}}